{"id":6642,"date":"2021-05-19T15:25:50","date_gmt":"2021-05-19T08:25:50","guid":{"rendered":"https:\/\/ffd.or.id\/film\/felvidek-caught-in-between\/"},"modified":"2021-05-22T14:18:59","modified_gmt":"2021-05-22T07:18:59","slug":"felvidek-caught-in-between","status":"publish","type":"film","link":"https:\/\/ffd.or.id\/en\/film\/felvidek-caught-in-between\/","title":{"rendered":"Felvidek: Caught in Between"},"content":{"rendered":"<p>Film-maker Vladislava Plan\u010d\u00edkov\u00e1 was born in Felvidek \u2013 a multiethnic, Slovak-Hungarian region in the southern part of the Slovak Republic. Following the Second World War, thousands of them were forced to leave their homes during the Slovak-Hungarian resettlement campaign between 1946 and 1948. Some wounds are hard to heal, and some questions remain unanswered.<\/p>\n","protected":false},"excerpt":{"rendered":"<p>Film-maker Vladislava Plan\u010d\u00edkov\u00e1 was born in Felvidek \u2013 a multiethnic, Slovak-Hungarian region in the southern part of the Slovak Republic. Following the Second World War, thousands of them were forced to leave their homes during the Slovak-Hungarian resettlement campaign between 1946 and 1948. Some wounds are hard to heal, and some questions remain unanswered.<\/p>\n","protected":false},"featured_media":6641,"template":"","edition":[64],"program":[366],"class_list":["post-6642","film","type-film","status-publish","has-post-thumbnail","hentry","edition-ffd-2019-en","program-spektrum-en"],"acf":[],"_links":{"self":[{"href":"https:\/\/ffd.or.id\/en\/wp-json\/wp\/v2\/film\/6642","targetHints":{"allow":["GET"]}}],"collection":[{"href":"https:\/\/ffd.or.id\/en\/wp-json\/wp\/v2\/film"}],"about":[{"href":"https:\/\/ffd.or.id\/en\/wp-json\/wp\/v2\/types\/film"}],"wp:featuredmedia":[{"embeddable":true,"href":"https:\/\/ffd.or.id\/en\/wp-json\/wp\/v2\/media\/6641"}],"wp:attachment":[{"href":"https:\/\/ffd.or.id\/en\/wp-json\/wp\/v2\/media?parent=6642"}],"wp:term":[{"taxonomy":"edition","embeddable":true,"href":"https:\/\/ffd.or.id\/en\/wp-json\/wp\/v2\/edition?post=6642"},{"taxonomy":"program","embeddable":true,"href":"https:\/\/ffd.or.id\/en\/wp-json\/wp\/v2\/program?post=6642"}],"curies":[{"name":"wp","href":"https:\/\/api.w.org\/{rel}","templated":true}]}}

<p>Film-maker Vladislava Plančíková was born in Felvidek – a multiethnic, Slovak-Hungarian region in the southern part of the Slovak Republic. Following the Second World War, thousands of them were forced to leave their homes during the Slovak-Hungarian resettlement campaign between 1946 and 1948. Some wounds are hard to heal, and some questions remain unanswered.</p>
